{"id":773,"date":"2023-10-30T15:47:18","date_gmt":"2023-10-30T14:47:18","guid":{"rendered":"https:\/\/juliengarciaguitares.fr\/?page_id=773"},"modified":"2025-01-27T14:47:05","modified_gmt":"2025-01-27T13:47:05","slug":"tarifs-guitares-folk","status":"publish","type":"page","link":"https:\/\/juliengarciaguitares.fr\/index.php\/tarifs-guitares-folk\/","title":{"rendered":"Tarifs autres mod\u00e8les"},"content":{"rendered":"<p>&#8211; Folk 6 cordes : \u00e0 partir de 2800 euros en configuration de base<br \/>\n&#8211; Folk 12 cordes : \u00e0 partir de 3300 euros en configuration de base<br \/>\n&#8211; Baritone 6 cordes : \u00e0 partir de 2800 euros en configuration de base<br \/>\n&#8211; Folk nylon (crossover) : \u00e0 partir de 2800 euros en configuration de base<\/p>\n<p><strong><br \/>\nCONFIGURATION DE BASE ( GUITARES FOLK) :<\/strong><\/p>\n<p>Fond \/ \u00e9clisses : Sapeli<br \/>\nTable : C\u00e8dre rouge ou Epic\u00e9a de Sitka<br \/>\nManche : Acajou africain (Kaya ou Sipo)<br \/>\nFileterie caisse \/ touche : Palissandre indien<br \/>\nTouche : Palissandre indien<br \/>\nChevalet : Palissandre indien<br \/>\nSillets : Os<br \/>\nM\u00e9caniques : Gotoh ou Schaller<br \/>\nVernis : Cellulosique satin\u00e9<br \/>\nAjout d\u2019un syst\u00e8me d\u2019amplification : en option<\/p>\n<p><strong>Les guitares sont livr\u00e9es en \u00e9tui rigide Boblen.<\/strong><\/p>\n<p><strong><br \/>\nOPTIONS ESTHETIQUES :<\/strong><\/p>\n<p>&#8211; Pan coup\u00e9 florentin (mod\u00e8les OM et Jumbo) : 300 euros<br \/>\n&#8211; Pan coup\u00e9 v\u00e9nitien (mod\u00e8les classiques uniquement) : 300 euros<br \/>\n&#8211; Contre-filets de t\u00eate : 100 euros<br \/>\n&#8211; Contre-filets de touche : 50 euros<br \/>\n&#8211; Contre-filets de manche : 100 euros<br \/>\n&#8211; Contre-filets d\u2019\u00e9clisses : 150 euros<br \/>\n&#8211; Contre-filets de fond : 100 euros<br \/>\n&#8211; Rosace avec incrustation en abalone : 150 euros<br \/>\n&#8211; Rosace marquet\u00e9e : 300 euros<br \/>\n&#8211; Filet central de fond :\u00a0 150 euros<br \/>\n&#8211; Tour de table en abalone : 300 euros<br \/>\n&#8211; Rep\u00e8res de bord de touche en abalone : 50 euros<br \/>\n&#8211; Rep\u00e8res de touche en abalone : 150 euros<br \/>\n&#8211; Multi-diapasons : 300 euros<br \/>\n&#8211; M\u00e9canique Gotoh 510 : \u00e0 partir de 100 euros<br \/>\n&#8211; Vernis brillant (cellulosique) : 300 euros<\/p>\n","protected":false},"excerpt":{"rendered":"<p>&#8211; Folk 6 cordes : \u00e0 partir de 2800 euros en configuration de base &#8211; Folk 12 cordes : \u00e0 partir de 3300 euros en configuration de base &#8211; Baritone 6 cordes : \u00e0 partir de 2800 euros en configuration de base &#8211; Folk nylon (crossover) : \u00e0 partir de 2800 euros en configuration de [&hellip;]<\/p>\n","protected":false},"author":1,"featured_media":0,"parent":0,"menu_order":0,"comment_status":"closed","ping_status":"closed","template":"fullpage.php","meta":{"_monsterinsights_skip_tracking":false,"_monsterinsights_sitenote_active":false,"_monsterinsights_sitenote_note":"","_monsterinsights_sitenote_category":0},"_links":{"self":[{"href":"https:\/\/juliengarciaguitares.fr\/index.php\/wp-json\/wp\/v2\/pages\/773"}],"collection":[{"href":"https:\/\/juliengarciaguitares.fr\/index.php\/wp-json\/wp\/v2\/pages"}],"about":[{"href":"https:\/\/juliengarciaguitares.fr\/index.php\/wp-json\/wp\/v2\/types\/page"}],"author":[{"embeddable":true,"href":"https:\/\/juliengarciaguitares.fr\/index.php\/wp-json\/wp\/v2\/users\/1"}],"replies":[{"embeddable":true,"href":"https:\/\/juliengarciaguitares.fr\/index.php\/wp-json\/wp\/v2\/comments?post=773"}],"version-history":[{"count":4,"href":"https:\/\/juliengarciaguitares.fr\/index.php\/wp-json\/wp\/v2\/pages\/773\/revisions"}],"predecessor-version":[{"id":861,"href":"https:\/\/juliengarciaguitares.fr\/index.php\/wp-json\/wp\/v2\/pages\/773\/revisions\/861"}],"wp:attachment":[{"href":"https:\/\/juliengarciaguitares.fr\/index.php\/wp-json\/wp\/v2\/media?parent=773"}],"curies":[{"name":"wp","href":"https:\/\/api.w.org\/{rel}","templated":true}]}}