{"id":747,"date":"2023-10-30T15:16:32","date_gmt":"2023-10-30T14:16:32","guid":{"rendered":"https:\/\/juliengarciaguitares.fr\/?page_id=747"},"modified":"2023-10-30T15:35:41","modified_gmt":"2023-10-30T14:35:41","slug":"modele-etude","status":"publish","type":"page","link":"https:\/\/juliengarciaguitares.fr\/index.php\/modele-etude\/","title":{"rendered":"Mod\u00e8le \u00ab\u00a0Etude\u00a0\u00bb"},"content":{"rendered":"<p><a href=\"http:\/\/juliengarciaguitares.fr\/wp-content\/uploads\/2023\/10\/PXL_20230907_131011078.jpg\"><img loading=\"lazy\" class=\"aligncenter size-medium wp-image-748\" src=\"http:\/\/juliengarciaguitares.fr\/wp-content\/uploads\/2023\/10\/PXL_20230907_131011078-225x300.jpg\" alt=\"\" width=\"225\" height=\"300\" srcset=\"https:\/\/juliengarciaguitares.fr\/wp-content\/uploads\/2023\/10\/PXL_20230907_131011078-225x300.jpg 225w, https:\/\/juliengarciaguitares.fr\/wp-content\/uploads\/2023\/10\/PXL_20230907_131011078-768x1024.jpg 768w, https:\/\/juliengarciaguitares.fr\/wp-content\/uploads\/2023\/10\/PXL_20230907_131011078.jpg 900w\" sizes=\"(max-width: 225px) 100vw, 225px\" \/><\/a><\/p>\n<p>Ce mod\u00e8le est le plus r\u00e9cent que je propose.<\/p>\n<p>L&rsquo;id\u00e9e est d&rsquo;utiliser le moins possible\u00a0 d&rsquo;essence de bois exotiques\u00a0 pour certaines parties de l&rsquo;instrument comme le fond et<br \/>\nles \u00e9clisses et \u00e0 terme pour le chevalet, la touche et le manche \u00e9galement.<\/p>\n<p>Pour ce mod\u00e8le mon choix s&rsquo;est port\u00e9 sur l&rsquo;Eucalyptus \u00ab\u00a0\u00e9tuv\u00e9\u00a0\u00bb. Le proc\u00e9d\u00e9 d&rsquo;\u00e9tuvage permet de donner une jolie couleur<br \/>\nplus sombre au bois qui n&rsquo;est pas sans rappeler le Palissandre.<br \/>\nAu del\u00e0 du visuel int\u00e9ressant sa densit\u00e9 et ses qualit\u00e9s acoustiques en font une excellente alternative renouvelable au<br \/>\nPalissandre et autres bois du m\u00eame type.<\/p>\n<p>La philosophie derri\u00e8re ce mod\u00e8le est \u00e9galement d&rsquo;utiliser un design simplifi\u00e9 par rapport au mod\u00e8le concert, au niveau des<br \/>\nbarrages de table et de fond.<br \/>\nL&rsquo;esth\u00e9tique est \u00e9galement \u00e9pur\u00e9e ce qui permet d&rsquo;abaisser le temps de fabrication et donc le co\u00fbt final de l&rsquo;instrument.<\/p>\n<p>Le soin apport\u00e9 aux diff\u00e9rents assemblages ainsi qu&rsquo;au confort de jeu reste en revanche le m\u00eame que pour ses grandes<br \/>\nsoeurs.<\/p>\n<p>Au final cette guitare d\u00e9livre un son puissant, riche et \u00e9quilibr\u00e9 avec beaucoup de clart\u00e9 qui en feront une alli\u00e9e tout au long<br \/>\nde vos \u00e9tudes musicales voire m\u00eame au del\u00e0&#8230;<\/p>\n<p><a href=\"http:\/\/juliengarciaguitares.fr\/wp-content\/uploads\/2023\/10\/PXL_20230722_161254947.jpg\"><img loading=\"lazy\" class=\"aligncenter size-medium wp-image-750\" src=\"http:\/\/juliengarciaguitares.fr\/wp-content\/uploads\/2023\/10\/PXL_20230722_161254947-225x300.jpg\" alt=\"\" width=\"225\" height=\"300\" srcset=\"https:\/\/juliengarciaguitares.fr\/wp-content\/uploads\/2023\/10\/PXL_20230722_161254947-225x300.jpg 225w, https:\/\/juliengarciaguitares.fr\/wp-content\/uploads\/2023\/10\/PXL_20230722_161254947-768x1024.jpg 768w, https:\/\/juliengarciaguitares.fr\/wp-content\/uploads\/2023\/10\/PXL_20230722_161254947.jpg 900w\" sizes=\"(max-width: 225px) 100vw, 225px\" \/><\/a> <a href=\"http:\/\/juliengarciaguitares.fr\/wp-content\/uploads\/2023\/10\/IMG_20220307_113950.jpg\"><img loading=\"lazy\" class=\"aligncenter size-medium wp-image-751\" src=\"http:\/\/juliengarciaguitares.fr\/wp-content\/uploads\/2023\/10\/IMG_20220307_113950-225x300.jpg\" alt=\"\" width=\"225\" height=\"300\" srcset=\"https:\/\/juliengarciaguitares.fr\/wp-content\/uploads\/2023\/10\/IMG_20220307_113950-225x300.jpg 225w, https:\/\/juliengarciaguitares.fr\/wp-content\/uploads\/2023\/10\/IMG_20220307_113950-768x1024.jpg 768w, https:\/\/juliengarciaguitares.fr\/wp-content\/uploads\/2023\/10\/IMG_20220307_113950.jpg 1152w\" sizes=\"(max-width: 225px) 100vw, 225px\" \/><\/a> <a href=\"http:\/\/juliengarciaguitares.fr\/wp-content\/uploads\/2023\/10\/IMG_20220307_114101.jpg\"><img loading=\"lazy\" class=\"aligncenter size-medium wp-image-752\" src=\"http:\/\/juliengarciaguitares.fr\/wp-content\/uploads\/2023\/10\/IMG_20220307_114101-225x300.jpg\" alt=\"\" width=\"225\" height=\"300\" srcset=\"https:\/\/juliengarciaguitares.fr\/wp-content\/uploads\/2023\/10\/IMG_20220307_114101-225x300.jpg 225w, https:\/\/juliengarciaguitares.fr\/wp-content\/uploads\/2023\/10\/IMG_20220307_114101-768x1024.jpg 768w, https:\/\/juliengarciaguitares.fr\/wp-content\/uploads\/2023\/10\/IMG_20220307_114101.jpg 1152w\" sizes=\"(max-width: 225px) 100vw, 225px\" \/><\/a> <a href=\"http:\/\/juliengarciaguitares.fr\/wp-content\/uploads\/2023\/10\/IMG_20220307_114126.jpg\"><img loading=\"lazy\" class=\"aligncenter size-medium wp-image-753\" src=\"http:\/\/juliengarciaguitares.fr\/wp-content\/uploads\/2023\/10\/IMG_20220307_114126-225x300.jpg\" alt=\"\" width=\"225\" height=\"300\" srcset=\"https:\/\/juliengarciaguitares.fr\/wp-content\/uploads\/2023\/10\/IMG_20220307_114126-225x300.jpg 225w, https:\/\/juliengarciaguitares.fr\/wp-content\/uploads\/2023\/10\/IMG_20220307_114126-768x1024.jpg 768w, https:\/\/juliengarciaguitares.fr\/wp-content\/uploads\/2023\/10\/IMG_20220307_114126.jpg 1152w\" sizes=\"(max-width: 225px) 100vw, 225px\" \/><\/a> <a href=\"http:\/\/juliengarciaguitares.fr\/wp-content\/uploads\/2023\/10\/PXL_20230907_131340043.jpg\"><img loading=\"lazy\" class=\"aligncenter size-medium wp-image-755\" src=\"http:\/\/juliengarciaguitares.fr\/wp-content\/uploads\/2023\/10\/PXL_20230907_131340043-225x300.jpg\" alt=\"\" width=\"225\" height=\"300\" srcset=\"https:\/\/juliengarciaguitares.fr\/wp-content\/uploads\/2023\/10\/PXL_20230907_131340043-225x300.jpg 225w, https:\/\/juliengarciaguitares.fr\/wp-content\/uploads\/2023\/10\/PXL_20230907_131340043-768x1024.jpg 768w, https:\/\/juliengarciaguitares.fr\/wp-content\/uploads\/2023\/10\/PXL_20230907_131340043.jpg 900w\" sizes=\"(max-width: 225px) 100vw, 225px\" \/><\/a> <a href=\"http:\/\/juliengarciaguitares.fr\/wp-content\/uploads\/2023\/10\/PXL_20230907_130959581.jpg\"><img loading=\"lazy\" class=\"aligncenter size-medium wp-image-756\" src=\"http:\/\/juliengarciaguitares.fr\/wp-content\/uploads\/2023\/10\/PXL_20230907_130959581-225x300.jpg\" alt=\"\" width=\"225\" height=\"300\" srcset=\"https:\/\/juliengarciaguitares.fr\/wp-content\/uploads\/2023\/10\/PXL_20230907_130959581-225x300.jpg 225w, https:\/\/juliengarciaguitares.fr\/wp-content\/uploads\/2023\/10\/PXL_20230907_130959581-768x1024.jpg 768w, https:\/\/juliengarciaguitares.fr\/wp-content\/uploads\/2023\/10\/PXL_20230907_130959581.jpg 900w\" sizes=\"(max-width: 225px) 100vw, 225px\" \/><\/a><a href=\"http:\/\/juliengarciaguitares.fr\/wp-content\/uploads\/2023\/10\/PXL_20230729_183030575.jpg\"><img loading=\"lazy\" class=\"aligncenter size-medium wp-image-757\" src=\"http:\/\/juliengarciaguitares.fr\/wp-content\/uploads\/2023\/10\/PXL_20230729_183030575-225x300.jpg\" alt=\"\" width=\"225\" height=\"300\" srcset=\"https:\/\/juliengarciaguitares.fr\/wp-content\/uploads\/2023\/10\/PXL_20230729_183030575-225x300.jpg 225w, https:\/\/juliengarciaguitares.fr\/wp-content\/uploads\/2023\/10\/PXL_20230729_183030575-768x1024.jpg 768w, https:\/\/juliengarciaguitares.fr\/wp-content\/uploads\/2023\/10\/PXL_20230729_183030575.jpg 900w\" sizes=\"(max-width: 225px) 100vw, 225px\" \/><\/a><\/p>\n<p><span style=\"text-decoration: underline;\">Autres caract\u00e9ristiques:<\/span><\/p>\n<p>Diapason standard: 650 mm<br \/>\nJonction manche\/corps\u00a0: 12\u00e8 case<br \/>\nLargeur au sillet standard: 52 mm (peut \u00eatre modifi\u00e9 sur demande)<br \/>\nManche en Acajou africain avec renfort \u00e9b\u00e8ne.<br \/>\nTable: Epic\u00e9a europ\u00e9en, Epic\u00e9a engelmann ou C\u00e8dre rouge<br \/>\nTouche en Palissandre indien ou Eucalyptus \u00e9tuv\u00e9 avec ou sans radius<br \/>\nFond et \u00e9clisses en Eucalyptus \u00e9tuv\u00e9<br \/>\nEspacement des cordes au chevalet : 57,5 mm (peut \u00eatre modifi\u00e9 sur demande)<br \/>\nVernis ext\u00e9rieur : cellulosique satin\u00e9 tr\u00e8s fin.<\/p>\n","protected":false},"excerpt":{"rendered":"<p>Ce mod\u00e8le est le plus r\u00e9cent que je propose. L&rsquo;id\u00e9e est d&rsquo;utiliser le moins possible\u00a0 d&rsquo;essence de bois exotiques\u00a0 pour certaines parties de l&rsquo;instrument comme le fond et les \u00e9clisses et \u00e0 terme pour le chevalet, la touche et le manche \u00e9galement. Pour ce mod\u00e8le mon choix s&rsquo;est port\u00e9 sur l&rsquo;Eucalyptus \u00ab\u00a0\u00e9tuv\u00e9\u00a0\u00bb. Le proc\u00e9d\u00e9 d&rsquo;\u00e9tuvage [&hellip;]<\/p>\n","protected":false},"author":1,"featured_media":0,"parent":0,"menu_order":0,"comment_status":"closed","ping_status":"closed","template":"fullpage.php","meta":[],"_links":{"self":[{"href":"https:\/\/juliengarciaguitares.fr\/index.php\/wp-json\/wp\/v2\/pages\/747"}],"collection":[{"href":"https:\/\/juliengarciaguitares.fr\/index.php\/wp-json\/wp\/v2\/pages"}],"about":[{"href":"https:\/\/juliengarciaguitares.fr\/index.php\/wp-json\/wp\/v2\/types\/page"}],"author":[{"embeddable":true,"href":"https:\/\/juliengarciaguitares.fr\/index.php\/wp-json\/wp\/v2\/users\/1"}],"replies":[{"embeddable":true,"href":"https:\/\/juliengarciaguitares.fr\/index.php\/wp-json\/wp\/v2\/comments?post=747"}],"version-history":[{"count":6,"href":"https:\/\/juliengarciaguitares.fr\/index.php\/wp-json\/wp\/v2\/pages\/747\/revisions"}],"predecessor-version":[{"id":768,"href":"https:\/\/juliengarciaguitares.fr\/index.php\/wp-json\/wp\/v2\/pages\/747\/revisions\/768"}],"wp:attachment":[{"href":"https:\/\/juliengarciaguitares.fr\/index.php\/wp-json\/wp\/v2\/media?parent=747"}],"curies":[{"name":"wp","href":"https:\/\/api.w.org\/{rel}","templated":true}]}}