{"id":130,"date":"2015-08-19T15:33:54","date_gmt":"2015-08-19T14:33:54","guid":{"rendered":"https:\/\/guitarluthier34300.olympe.in\/?page_id=128"},"modified":"2019-11-10T14:20:16","modified_gmt":"2019-11-10T13:20:16","slug":"devis","status":"publish","type":"page","link":"https:\/\/juliengarciaguitares.fr\/index.php\/devis\/","title":{"rendered":"Pour commander une guitare\u00a0:"},"content":{"rendered":"<p>La m\u00e9thode la plus simple reste bien sur de prendre rendez-vous pour venir directement \u00e0<\/p>\n<p>l\u2019atelier pour que l\u2019on discute ensemble du projet. Vous pourrez ainsi voir, toucher et \u00e9couter<br \/>\nles diff\u00e9rentes essences que je propose, en fonction de vos besoins et\/ou de votre budget.<\/p>\n<p>Je privil\u00e9gie le contact direct aux \u00e9changes \u00e0 distance.<\/p>\n<p>Si vous ne pouvez pas vous d\u00e9placer vous pouvez remplir le formulaire de commande dont<br \/>\nle lien est en bas de cette page.<\/p>\n<p>Chaque champ du formulaire offre un certain nombre de choix possibles, toutefois si vous<br \/>\navez un doute il vous suffit de laisser le champ vierge et je vous conseillerai. N\u2019h\u00e9sitez pas \u00e0<br \/>\nme communiquer toute remarque vous paraissant utile \u00e0 la conception de votre instrument<br \/>\ndans la rubrique \u00ab\u00a0commentaires\u00a0\u00bb en bas du formulaire.<\/p>\n<p>Une fois votre demande re\u00e7ue je vous transmettrai rapidement une estimation du tarif de<br \/>\nvotre instrument. Si vous confirmez la r\u00e9alisation du projet je vous enverrai dans les plus<br \/>\nbrefs d\u00e9lais un devis d\u00e9taill\u00e9 complet. Quelques jours peuvent \u00eatre n\u00e9cessaires\u00a0!<\/p>\n<p>Si vous validez le devis il vous suffira de me le retourner dat\u00e9 et sign\u00e9 accompagn\u00e9 d\u2019un<br \/>\nacompte de 30% du montant du devis. Le reste sera r\u00e9gl\u00e9 \u00e0 la livraison de l\u2019instrument.<\/p>\n<p>A la r\u00e9ception du devis valid\u00e9 et de l\u2019acompte le d\u00e9lai de fabrication est d\u2019environ 2 mois en<br \/>\nfonction des options demand\u00e9es. J\u2019attire votre attention sur le fait que je ne peux<br \/>\nactuellement fabriquer qu\u2019une voire deux guitares \u00e0 la fois dans mon atelier donc il est<br \/>\npossible qu\u2019il y ait quelques semaines voire mois d\u2019attente avant de commencer la<br \/>\nconstruction de votre guitare.<\/p>\n<p>Vous serez inform\u00e9 par mail du d\u00e9marrage de la fabrication ainsi que de son avancement,<br \/>\naccompagn\u00e9 de photos si vous le souhaitez.<\/p>\n<p>Une fois l\u2019instrument termin\u00e9, la meilleure solution de mon point de vue est que la livraison<br \/>\nse passe \u00e0 l\u2019atelier pour \u00e9viter d\u2019une part les al\u00e9as li\u00e9s au transport et d\u2019autre part pour<br \/>\npouvoir effectuer d\u2019\u00e9ventuelles retouches sur les r\u00e9glages de l\u2019instrument si vous le<br \/>\nsouhaitez.<\/p>\n","protected":false},"excerpt":{"rendered":"<p>La m\u00e9thode la plus simple reste bien sur de prendre rendez-vous pour venir directement \u00e0 l\u2019atelier pour que l\u2019on discute ensemble du projet. Vous pourrez ainsi voir, toucher et \u00e9couter les diff\u00e9rentes essences que je propose, en fonction de vos besoins et\/ou de votre budget. Je privil\u00e9gie le contact direct aux \u00e9changes \u00e0 distance. Si [&hellip;]<\/p>\n","protected":false},"author":1,"featured_media":0,"parent":0,"menu_order":0,"comment_status":"closed","ping_status":"closed","template":"fullpage.php","meta":[],"_links":{"self":[{"href":"https:\/\/juliengarciaguitares.fr\/index.php\/wp-json\/wp\/v2\/pages\/130"}],"collection":[{"href":"https:\/\/juliengarciaguitares.fr\/index.php\/wp-json\/wp\/v2\/pages"}],"about":[{"href":"https:\/\/juliengarciaguitares.fr\/index.php\/wp-json\/wp\/v2\/types\/page"}],"author":[{"embeddable":true,"href":"https:\/\/juliengarciaguitares.fr\/index.php\/wp-json\/wp\/v2\/users\/1"}],"replies":[{"embeddable":true,"href":"https:\/\/juliengarciaguitares.fr\/index.php\/wp-json\/wp\/v2\/comments?post=130"}],"version-history":[{"count":5,"href":"https:\/\/juliengarciaguitares.fr\/index.php\/wp-json\/wp\/v2\/pages\/130\/revisions"}],"predecessor-version":[{"id":409,"href":"https:\/\/juliengarciaguitares.fr\/index.php\/wp-json\/wp\/v2\/pages\/130\/revisions\/409"}],"wp:attachment":[{"href":"https:\/\/juliengarciaguitares.fr\/index.php\/wp-json\/wp\/v2\/media?parent=130"}],"curies":[{"name":"wp","href":"https:\/\/api.w.org\/{rel}","templated":true}]}}